{"id":1144,"date":"2015-11-05T18:01:26","date_gmt":"2015-11-05T18:01:26","guid":{"rendered":"https:\/\/ebrav.wordpress.com\/?page_id=1144"},"modified":"2015-11-05T18:01:26","modified_gmt":"2015-11-05T18:01:26","slug":"sortie-novembre-2015","status":"publish","type":"page","link":"https:\/\/rueilavelo.fr\/rav\/sortie-novembre-2015\/","title":{"rendered":"Sortie Novembre 2015"},"content":{"rendered":"<p>Superbes lumi\u00e8res au long des all\u00e9es foresti\u00e8res pour notre sortie de novembre .<\/p>\n<p><a href=\"https:\/\/rueilavelo.fr\/rav\/wp-content\/uploads\/2015\/11\/20151101_110705.jpg\"><img loading=\"lazy\" decoding=\"async\" class=\"alignnone size-medium wp-image-1146\" src=\"https:\/\/rueilavelo.fr\/rav\/wp-content\/uploads\/2015\/11\/20151101_110705.jpg?w=300\" alt=\"20151101_110705\" width=\"300\" height=\"225\" srcset=\"https:\/\/rueilavelo.fr\/rav\/wp-content\/uploads\/2015\/11\/20151101_110705.jpg 844w, https:\/\/rueilavelo.fr\/rav\/wp-content\/uploads\/2015\/11\/20151101_110705-300x225.jpg 300w, https:\/\/rueilavelo.fr\/rav\/wp-content\/uploads\/2015\/11\/20151101_110705-768x576.jpg 768w\" sizes=\"auto, (max-width: 300px) 100vw, 300px\" \/><\/a>&nbsp;&nbsp; <a href=\"https:\/\/rueilavelo.fr\/rav\/wp-content\/uploads\/2015\/11\/20151101_114608.jpg\"><img loading=\"lazy\" decoding=\"async\" class=\"alignnone size-medium wp-image-1149\" src=\"https:\/\/rueilavelo.fr\/rav\/wp-content\/uploads\/2015\/11\/20151101_114608.jpg?w=300\" alt=\"20151101_114608\" width=\"300\" height=\"225\" srcset=\"https:\/\/rueilavelo.fr\/rav\/wp-content\/uploads\/2015\/11\/20151101_114608.jpg 844w, https:\/\/rueilavelo.fr\/rav\/wp-content\/uploads\/2015\/11\/20151101_114608-300x225.jpg 300w, https:\/\/rueilavelo.fr\/rav\/wp-content\/uploads\/2015\/11\/20151101_114608-768x576.jpg 768w\" sizes=\"auto, (max-width: 300px) 100vw, 300px\" \/><\/a> <a href=\"https:\/\/rueilavelo.fr\/rav\/wp-content\/uploads\/2015\/11\/photo-033.jpg\"><img loading=\"lazy\" decoding=\"async\" class=\"alignnone size-medium wp-image-1150\" src=\"https:\/\/rueilavelo.fr\/rav\/wp-content\/uploads\/2015\/11\/photo-033.jpg?w=300\" alt=\"Photo 033\" width=\"300\" height=\"225\" srcset=\"https:\/\/rueilavelo.fr\/rav\/wp-content\/uploads\/2015\/11\/photo-033.jpg 844w, https:\/\/rueilavelo.fr\/rav\/wp-content\/uploads\/2015\/11\/photo-033-300x225.jpg 300w, https:\/\/rueilavelo.fr\/rav\/wp-content\/uploads\/2015\/11\/photo-033-768x576.jpg 768w\" sizes=\"auto, (max-width: 300px) 100vw, 300px\" \/><\/a><a href=\"https:\/\/rueilavelo.fr\/rav\/wp-content\/uploads\/2015\/11\/20151101_113426.jpg\"><img loading=\"lazy\" decoding=\"async\" class=\"alignnone size-medium wp-image-1148\" src=\"https:\/\/rueilavelo.fr\/rav\/wp-content\/uploads\/2015\/11\/20151101_113426.jpg?w=300\" alt=\"20151101_113426\" width=\"300\" height=\"225\" srcset=\"https:\/\/rueilavelo.fr\/rav\/wp-content\/uploads\/2015\/11\/20151101_113426.jpg 844w, https:\/\/rueilavelo.fr\/rav\/wp-content\/uploads\/2015\/11\/20151101_113426-300x225.jpg 300w, https:\/\/rueilavelo.fr\/rav\/wp-content\/uploads\/2015\/11\/20151101_113426-768x576.jpg 768w\" sizes=\"auto, (max-width: 300px) 100vw, 300px\" \/><\/a><\/p>\n","protected":false},"excerpt":{"rendered":"<p>Superbes lumi\u00e8res au long des all\u00e9es foresti\u00e8res pour notre sortie de novembre . &nbsp;&nbsp;<\/p>\n","protected":false},"author":5,"featured_media":0,"parent":0,"menu_order":0,"comment_status":"closed","ping_status":"closed","template":"","meta":{"footnotes":""},"class_list":["post-1144","page","type-page","status-publish","hentry"],"_links":{"self":[{"href":"https:\/\/rueilavelo.fr\/rav\/wp-json\/wp\/v2\/pages\/1144","targetHints":{"allow":["GET"]}}],"collection":[{"href":"https:\/\/rueilavelo.fr\/rav\/wp-json\/wp\/v2\/pages"}],"about":[{"href":"https:\/\/rueilavelo.fr\/rav\/wp-json\/wp\/v2\/types\/page"}],"author":[{"embeddable":true,"href":"https:\/\/rueilavelo.fr\/rav\/wp-json\/wp\/v2\/users\/5"}],"replies":[{"embeddable":true,"href":"https:\/\/rueilavelo.fr\/rav\/wp-json\/wp\/v2\/comments?post=1144"}],"version-history":[{"count":0,"href":"https:\/\/rueilavelo.fr\/rav\/wp-json\/wp\/v2\/pages\/1144\/revisions"}],"wp:attachment":[{"href":"https:\/\/rueilavelo.fr\/rav\/wp-json\/wp\/v2\/media?parent=1144"}],"curies":[{"name":"wp","href":"https:\/\/api.w.org\/{rel}","templated":true}]}}