{"id":3948,"date":"2022-08-27T13:37:23","date_gmt":"2022-08-27T13:37:23","guid":{"rendered":"https:\/\/ebrav.wordpress.com\/?page_id=3948"},"modified":"2022-08-27T13:37:23","modified_gmt":"2022-08-27T13:37:23","slug":"bourse-aux-velos-2022","status":"publish","type":"page","link":"https:\/\/rueilavelo.fr\/rav\/bourse-aux-velos-2022\/","title":{"rendered":"Bourse aux v\u00e9los 2022"},"content":{"rendered":"\n<p>Notre Bourse aux v\u00e9los annuelle qui s&rsquo;est tenue le 4 septembre au Forum des Associations Rueilloises a connu un franc succ\u00e8s.<\/p>\n\n\n\n<p><strong>Plus de 100 v\u00e9los<\/strong> ont \u00e9t\u00e9 <strong>enregistr\u00e9s \u00e0 la vente<\/strong> et <strong>84 v\u00e9los vendus<\/strong> pendant cette journ\u00e9e ensoleill\u00e9e, notre record ! <\/p>\n\n\n\n<div class=\"wp-block-jetpack-tiled-gallery aligncenter is-style-rectangular\"><div class=\"tiled-gallery__gallery\"><div class=\"tiled-gallery__row\"><div class=\"tiled-gallery__col\" style=\"flex-basis:42.89092%;\"><figure class=\"tiled-gallery__item\"><img decoding=\"async\" alt=\"\" data-height=\"810\" data-id=\"3986\" data-link=\"https:\/\/rueilavelo.fr\/rav\/bourse-aux-velos-2022\/bouse-aux-velos-2022_1\/\" data-url=\"https:\/\/rueilavelo.fr\/rav\/wp-content\/uploads\/2022\/09\/bouse-aux-velos-2022_1.jpg?w=1024\" data-width=\"1080\" src=\"https:\/\/rueilavelo.fr\/rav\/wp-content\/uploads\/2022\/09\/bouse-aux-velos-2022_1.jpg\" \/><\/figure><\/div><div class=\"tiled-gallery__col\" style=\"flex-basis:57.10908%;\"><figure class=\"tiled-gallery__item\"><img decoding=\"async\" alt=\"\" data-height=\"900\" data-id=\"3988\" data-link=\"https:\/\/rueilavelo.fr\/rav\/bourse-aux-velos-2022\/bouse-aux-velos-2022_2\/\" data-url=\"https:\/\/rueilavelo.fr\/rav\/wp-content\/uploads\/2022\/09\/bouse-aux-velos-2022_2.jpg?w=1024\" data-width=\"1600\" src=\"https:\/\/rueilavelo.fr\/rav\/wp-content\/uploads\/2022\/09\/bouse-aux-velos-2022_2.jpg\" \/><\/figure><\/div><\/div><\/div><\/div>\n\n\n\n<p class=\"has-text-align-justify\">Rueil \u00e0 V\u00e9lo a \u00e9galement r\u00e9pondu aux nombreuses questions des visiteurs de notre stand : aides \u00e0 l&rsquo;achat de V\u00e9lo \u00e0 Assistance Electrique, antivols recommand\u00e9s, v\u00e9lo-\u00e9cole pour apprentissage ou remise en selle pour adultes et enfants, itin\u00e9raires,..<\/p>\n\n\n\n<p class=\"has-text-align-justify\"><strong>Nouveaut\u00e9<\/strong> : Il \u00e9tait \u00e9galement possible de <strong>faire don de son v\u00e9lo <\/strong>\u00e0 l&rsquo;association <a rel=\"noreferrer noopener\" href=\"https:\/\/www.villagebicycleproject.org\/\" target=\"_blank\">Village Bicycle Project<\/a> pr\u00e9sente sur le stand voisin. Cette association, anim\u00e9e par l&rsquo;infatigable <a rel=\"noreferrer noopener\" href=\"https:\/\/www.vice.com\/en\/article\/zmp9n4\/sierra-leone-bicycle-charity-vbp\" target=\"_blank\">Karim KAMARA <\/a> distribue depuis 10 ans des v\u00e9los en Sierra Leone en priorit\u00e9 aux \u00e9tudiants, aux enseignants et aux femmes qui travaillent sur les march\u00e9s. Chaque don est conditionn\u00e9 \u00e0 une formation obligatoire \u00e0 l\u2019entretien puis \u00e0 un contr\u00f4le au bout d\u2019un an. <\/p>\n\n\n\n<p class=\"has-text-align-justify\">L&rsquo;antenne rueilloise de cette association, fond\u00e9e en 2022 par Victor, collecte des v\u00e9los quel que soit leur \u00e9tat et des pi\u00e8ces d\u00e9tach\u00e9es, assure leur remise en \u00e9tat en collaboration avec un atelier d&rsquo;insertion professionnelle soutenu par la mairie de Rueil, puis envoie les v\u00e9los au Sierra Leone.<\/p>\n\n\n\n<p>Vous pouvez continuer \u00e0 faire don de vos v\u00e9los <strong>quel que soit son \u00e9tat<\/strong> \u00e0 cette association en contactant Victor DUPIN  victordupin@live.fr 06 89 18 61 13<\/p>\n\n\n\n<p>Rendez-vous l&rsquo;ann\u00e9e prochaine !<\/p>\n","protected":false},"excerpt":{"rendered":"<p>Notre Bourse aux v\u00e9los annuelle qui s&rsquo;est tenue le 4 septembre au Forum des Associations Rueilloises a connu un franc &hellip; <a href=\"https:\/\/rueilavelo.fr\/rav\/bourse-aux-velos-2022\/\" class=\"more-link\">Plus <span class=\"screen-reader-text\">Bourse aux v\u00e9los 2022<\/span> <span class=\"meta-nav\">&rarr;<\/span><\/a><\/p>\n","protected":false},"author":3,"featured_media":0,"parent":0,"menu_order":0,"comment_status":"closed","ping_status":"closed","template":"","meta":{"footnotes":""},"class_list":["post-3948","page","type-page","status-publish","hentry"],"_links":{"self":[{"href":"https:\/\/rueilavelo.fr\/rav\/wp-json\/wp\/v2\/pages\/3948","targetHints":{"allow":["GET"]}}],"collection":[{"href":"https:\/\/rueilavelo.fr\/rav\/wp-json\/wp\/v2\/pages"}],"about":[{"href":"https:\/\/rueilavelo.fr\/rav\/wp-json\/wp\/v2\/types\/page"}],"author":[{"embeddable":true,"href":"https:\/\/rueilavelo.fr\/rav\/wp-json\/wp\/v2\/users\/3"}],"replies":[{"embeddable":true,"href":"https:\/\/rueilavelo.fr\/rav\/wp-json\/wp\/v2\/comments?post=3948"}],"version-history":[{"count":0,"href":"https:\/\/rueilavelo.fr\/rav\/wp-json\/wp\/v2\/pages\/3948\/revisions"}],"wp:attachment":[{"href":"https:\/\/rueilavelo.fr\/rav\/wp-json\/wp\/v2\/media?parent=3948"}],"curies":[{"name":"wp","href":"https:\/\/api.w.org\/{rel}","templated":true}]}}