{"id":627,"date":"2013-05-12T20:18:47","date_gmt":"2013-05-12T20:18:47","guid":{"rendered":"http:\/\/rueilavelo.fr\/rav\/?page_id=627"},"modified":"2013-05-12T20:18:47","modified_gmt":"2013-05-12T20:18:47","slug":"sortie-du-5-mai-2013","status":"publish","type":"page","link":"https:\/\/rueilavelo.fr\/rav\/photos\/sortie-du-5-mai-2013\/","title":{"rendered":"Sortie du 5 mai 2013"},"content":{"rendered":"<p>Un tr\u00e8s bel itin\u00e9raire bucolique, printanier, sportif, vari\u00e9, pour quelques heureux \u00e9lus.<\/p>\n<p><img loading=\"lazy\" decoding=\"async\" class=\"alignleft size-full wp-image-628\" alt=\"P1110493\" src=\"http:\/\/rueilavelo.fr\/rav\/wp-content\/uploads\/2013\/05\/p1110493.jpg\" width=\"448\" height=\"336\" srcset=\"https:\/\/rueilavelo.fr\/rav\/wp-content\/uploads\/2013\/05\/p1110493.jpg 448w, https:\/\/rueilavelo.fr\/rav\/wp-content\/uploads\/2013\/05\/p1110493-300x225.jpg 300w\" sizes=\"auto, (max-width: 448px) 100vw, 448px\" \/><\/p>\n<p><img loading=\"lazy\" decoding=\"async\" class=\"alignleft size-full wp-image-629\" alt=\"P1110496\" src=\"http:\/\/rueilavelo.fr\/rav\/wp-content\/uploads\/2013\/05\/p1110496.jpg\" width=\"448\" height=\"336\" srcset=\"https:\/\/rueilavelo.fr\/rav\/wp-content\/uploads\/2013\/05\/p1110496.jpg 448w, https:\/\/rueilavelo.fr\/rav\/wp-content\/uploads\/2013\/05\/p1110496-300x225.jpg 300w\" sizes=\"auto, (max-width: 448px) 100vw, 448px\" \/><\/p>\n<p><a href=\"http:\/\/rueilavelo.fr\/rav\/wp-content\/uploads\/2013\/05\/p1110499.jpg\"><img loading=\"lazy\" decoding=\"async\" class=\"alignleft size-full wp-image-630\" alt=\"P1110499\" src=\"http:\/\/rueilavelo.fr\/rav\/wp-content\/uploads\/2013\/05\/p1110499.jpg\" width=\"448\" height=\"336\" srcset=\"https:\/\/rueilavelo.fr\/rav\/wp-content\/uploads\/2013\/05\/p1110499.jpg 448w, https:\/\/rueilavelo.fr\/rav\/wp-content\/uploads\/2013\/05\/p1110499-300x225.jpg 300w\" sizes=\"auto, (max-width: 448px) 100vw, 448px\" \/><\/a><\/p>\n<p><a href=\"http:\/\/rueilavelo.fr\/rav\/wp-content\/uploads\/2013\/05\/p1110504.jpg\"><img loading=\"lazy\" decoding=\"async\" class=\"alignleft size-full wp-image-631\" alt=\"P1110504\" src=\"http:\/\/rueilavelo.fr\/rav\/wp-content\/uploads\/2013\/05\/p1110504.jpg\" width=\"448\" height=\"336\" srcset=\"https:\/\/rueilavelo.fr\/rav\/wp-content\/uploads\/2013\/05\/p1110504.jpg 448w, https:\/\/rueilavelo.fr\/rav\/wp-content\/uploads\/2013\/05\/p1110504-300x225.jpg 300w\" sizes=\"auto, (max-width: 448px) 100vw, 448px\" \/><\/a><\/p>\n<p><a href=\"http:\/\/rueilavelo.fr\/rav\/wp-content\/uploads\/2013\/05\/p1110506.jpg\"><img loading=\"lazy\" decoding=\"async\" class=\"alignleft size-full wp-image-632\" alt=\"P1110506\" src=\"http:\/\/rueilavelo.fr\/rav\/wp-content\/uploads\/2013\/05\/p1110506.jpg\" width=\"336\" height=\"448\" srcset=\"https:\/\/rueilavelo.fr\/rav\/wp-content\/uploads\/2013\/05\/p1110506.jpg 336w, https:\/\/rueilavelo.fr\/rav\/wp-content\/uploads\/2013\/05\/p1110506-225x300.jpg 225w\" sizes=\"auto, (max-width: 336px) 100vw, 336px\" \/><\/a><\/p>\n<p><a href=\"http:\/\/rueilavelo.fr\/rav\/wp-content\/uploads\/2013\/05\/p1110508.jpg\"><img loading=\"lazy\" decoding=\"async\" class=\"alignleft size-full wp-image-633\" alt=\"P1110508\" src=\"http:\/\/rueilavelo.fr\/rav\/wp-content\/uploads\/2013\/05\/p1110508.jpg\" width=\"448\" height=\"336\" srcset=\"https:\/\/rueilavelo.fr\/rav\/wp-content\/uploads\/2013\/05\/p1110508.jpg 448w, https:\/\/rueilavelo.fr\/rav\/wp-content\/uploads\/2013\/05\/p1110508-300x225.jpg 300w\" sizes=\"auto, (max-width: 448px) 100vw, 448px\" \/><\/a><\/p>\n<p><a href=\"http:\/\/rueilavelo.fr\/rav\/wp-content\/uploads\/2013\/05\/p1110511.jpg\"><img loading=\"lazy\" decoding=\"async\" class=\"alignleft size-full wp-image-634\" alt=\"P1110511\" src=\"http:\/\/rueilavelo.fr\/rav\/wp-content\/uploads\/2013\/05\/p1110511.jpg\" width=\"448\" height=\"336\" srcset=\"https:\/\/rueilavelo.fr\/rav\/wp-content\/uploads\/2013\/05\/p1110511.jpg 448w, https:\/\/rueilavelo.fr\/rav\/wp-content\/uploads\/2013\/05\/p1110511-300x225.jpg 300w\" sizes=\"auto, (max-width: 448px) 100vw, 448px\" \/><\/a><\/p>\n<p><a href=\"http:\/\/rueilavelo.fr\/rav\/wp-content\/uploads\/2013\/05\/p1110512.jpg\"><img loading=\"lazy\" decoding=\"async\" class=\"alignleft size-full wp-image-635\" alt=\"P1110512\" src=\"http:\/\/rueilavelo.fr\/rav\/wp-content\/uploads\/2013\/05\/p1110512.jpg\" width=\"448\" height=\"336\" srcset=\"https:\/\/rueilavelo.fr\/rav\/wp-content\/uploads\/2013\/05\/p1110512.jpg 448w, https:\/\/rueilavelo.fr\/rav\/wp-content\/uploads\/2013\/05\/p1110512-300x225.jpg 300w\" sizes=\"auto, (max-width: 448px) 100vw, 448px\" \/><\/a><\/p>\n<p><a href=\"http:\/\/rueilavelo.fr\/rav\/wp-content\/uploads\/2013\/05\/p1110514.jpg\"><img loading=\"lazy\" decoding=\"async\" class=\"alignleft size-full wp-image-636\" alt=\"P1110514\" src=\"http:\/\/rueilavelo.fr\/rav\/wp-content\/uploads\/2013\/05\/p1110514.jpg\" width=\"448\" height=\"336\" srcset=\"https:\/\/rueilavelo.fr\/rav\/wp-content\/uploads\/2013\/05\/p1110514.jpg 448w, https:\/\/rueilavelo.fr\/rav\/wp-content\/uploads\/2013\/05\/p1110514-300x225.jpg 300w\" sizes=\"auto, (max-width: 448px) 100vw, 448px\" \/><\/a><\/p>\n<p><a href=\"http:\/\/rueilavelo.fr\/rav\/wp-content\/uploads\/2013\/05\/p1110516.jpg\"><img loading=\"lazy\" decoding=\"async\" class=\"alignleft size-full wp-image-637\" alt=\"P1110516\" src=\"http:\/\/rueilavelo.fr\/rav\/wp-content\/uploads\/2013\/05\/p1110516.jpg\" width=\"448\" height=\"336\" srcset=\"https:\/\/rueilavelo.fr\/rav\/wp-content\/uploads\/2013\/05\/p1110516.jpg 448w, https:\/\/rueilavelo.fr\/rav\/wp-content\/uploads\/2013\/05\/p1110516-300x225.jpg 300w\" sizes=\"auto, (max-width: 448px) 100vw, 448px\" \/><\/a><\/p>\n<p><a href=\"http:\/\/rueilavelo.fr\/rav\/wp-content\/uploads\/2013\/05\/p1110517.jpg\"><img loading=\"lazy\" decoding=\"async\" class=\"alignleft size-full wp-image-638\" alt=\"P1110517\" src=\"http:\/\/rueilavelo.fr\/rav\/wp-content\/uploads\/2013\/05\/p1110517.jpg\" width=\"448\" height=\"336\" srcset=\"https:\/\/rueilavelo.fr\/rav\/wp-content\/uploads\/2013\/05\/p1110517.jpg 448w, https:\/\/rueilavelo.fr\/rav\/wp-content\/uploads\/2013\/05\/p1110517-300x225.jpg 300w\" sizes=\"auto, (max-width: 448px) 100vw, 448px\" \/><\/a><\/p>\n<p><a href=\"http:\/\/rueilavelo.fr\/rav\/wp-content\/uploads\/2013\/05\/p1110519.jpg\"><img loading=\"lazy\" decoding=\"async\" class=\"alignleft size-full wp-image-639\" alt=\"P1110519\" src=\"http:\/\/rueilavelo.fr\/rav\/wp-content\/uploads\/2013\/05\/p1110519.jpg\" width=\"336\" height=\"448\" srcset=\"https:\/\/rueilavelo.fr\/rav\/wp-content\/uploads\/2013\/05\/p1110519.jpg 336w, https:\/\/rueilavelo.fr\/rav\/wp-content\/uploads\/2013\/05\/p1110519-225x300.jpg 225w\" sizes=\"auto, (max-width: 336px) 100vw, 336px\" \/><\/a><\/p>\n","protected":false},"excerpt":{"rendered":"<p>Un tr\u00e8s bel itin\u00e9raire bucolique, printanier, sportif, vari\u00e9, pour quelques heureux \u00e9lus.<\/p>\n","protected":false},"author":2,"featured_media":0,"parent":54,"menu_order":4,"comment_status":"closed","ping_status":"open","template":"","meta":{"footnotes":""},"class_list":["post-627","page","type-page","status-publish","hentry"],"_links":{"self":[{"href":"https:\/\/rueilavelo.fr\/rav\/wp-json\/wp\/v2\/pages\/627","targetHints":{"allow":["GET"]}}],"collection":[{"href":"https:\/\/rueilavelo.fr\/rav\/wp-json\/wp\/v2\/pages"}],"about":[{"href":"https:\/\/rueilavelo.fr\/rav\/wp-json\/wp\/v2\/types\/page"}],"author":[{"embeddable":true,"href":"https:\/\/rueilavelo.fr\/rav\/wp-json\/wp\/v2\/users\/2"}],"replies":[{"embeddable":true,"href":"https:\/\/rueilavelo.fr\/rav\/wp-json\/wp\/v2\/comments?post=627"}],"version-history":[{"count":0,"href":"https:\/\/rueilavelo.fr\/rav\/wp-json\/wp\/v2\/pages\/627\/revisions"}],"up":[{"embeddable":true,"href":"https:\/\/rueilavelo.fr\/rav\/wp-json\/wp\/v2\/pages\/54"}],"wp:attachment":[{"href":"https:\/\/rueilavelo.fr\/rav\/wp-json\/wp\/v2\/media?parent=627"}],"curies":[{"name":"wp","href":"https:\/\/api.w.org\/{rel}","templated":true}]}}