{"id":69,"date":"2012-02-07T20:58:17","date_gmt":"2012-02-07T20:58:17","guid":{"rendered":"http:\/\/rueilavelo.fr\/rav\/?page_id=69"},"modified":"2025-12-15T12:53:42","modified_gmt":"2025-12-15T11:53:42","slug":"comment-adherer","status":"publish","type":"page","link":"https:\/\/rueilavelo.fr\/rav\/comment-adherer\/","title":{"rendered":"Comment adh\u00e9rer ?"},"content":{"rendered":"\n<p>Association de b\u00e9n\u00e9voles ouverte \u00e0 tous, Rueil \u00e0 V\u00e9lo a pour principale ressource la cotisation de ses adh\u00e9rents, actuellement de 12\u20ac par an (ann\u00e9e civile exemple 2022). Elle couvre entre autre, l&rsquo;assurance des sorties mensuelles (facultatives), le paiement de factures comme le gilet r\u00e9fl\u00e9chissant offert sur demande \u00e0 tout nouvel adh\u00e9rent, notre adh\u00e9sion \u00e0 la F\u00e9d\u00e9ration Fran\u00e7aise des Usagers de la Bicyclette (FUB)&#8230;  En adh\u00e9rant \u00e0 Rueil A V\u00e9lo, vous consentez \u00e0 ce que vos donn\u00e9es personnelles fournies soient stock\u00e9es par l&rsquo;association et utilis\u00e9es pour sa bonne gestion. Elles ne seront pas partag\u00e9es ni vendues.<\/p>\n\n\n<div class=\"wp-block-image\">\n<figure class=\"alignright\"><a href=\"http:\/\/rueilavelo.fr\/rav\/wp-content\/uploads\/2012\/02\/gilet-vc3a9lo-rav-21.jpg\"><img loading=\"lazy\" decoding=\"async\" width=\"113\" height=\"160\" src=\"http:\/\/rueilavelo.fr\/rav\/wp-content\/uploads\/2012\/02\/gilet-vc3a9lo-rav-21.jpg?w=105\" alt=\"\" class=\"wp-image-205\"\/><\/a><figcaption class=\"wp-element-caption\">Un gilet de visibilit\u00e9 offert pour toute nouvelle adh\u00e9sion !<\/figcaption><\/figure>\n<\/div>\n\n\n<p><strong>Avec HelloAsso :<\/strong><\/p>\n\n\n\n<p>Cliquez l\u00e0 :<\/p>\n\n\n\n<p><a href=\"https:\/\/www.helloasso.com\/associations\/rueil-a-velo\/adhesions\/cotisation-annuelle-2026\">https:\/\/www.helloasso.com\/associations\/rueil-a-velo\/adhesions\/cotisation-annuelle-2026<\/a><\/p>\n\n\n\n<p>Si possible envoyez nous ensuite un mail annon\u00e7ant votre adh\u00e9sion, avec votre adresse et numero de t\u00e9l\u00e9phone.<\/p>\n\n\n\n<p><strong>Par mail et virement :<\/strong><br>&#8211; <strong>Envoyer un mail \u00e0 l&rsquo;adresse rueil@fub.fr<\/strong> en indiquant vos nom, pr\u00e9nom, adresse, t\u00e9l\u00e9phone et mail (par d\u00e9faut celui de l&rsquo;exp\u00e9diteur)<br><strong>&#8211; Faire un virement<\/strong> au Cr\u00e9dit Mutuel \/ ASS RUEIL A VELO<br>IBAN : <strong>FR76 <\/strong>XXXX 169 (nous le demander par mail ; il est inchang\u00e9 si vous l&rsquo;avez d\u00e9ja utilis\u00e9 les ann\u00e9es pr\u00e9c\u00e9dentes)<br>Dans le libell\u00e9 de votre transaction, il faut <strong>pr\u00e9ciser votre nom et pr\u00e9nom.<\/strong><br><br><strong>Par courrier et ch\u00e8que :<br>&#8211; Envoyer un courrier<\/strong> en indiquant<strong> <\/strong>vos nom, pr\u00e9nom, adresse, t\u00e9l\u00e9phone et mail \u00e0 l\u2019adresse suivante : Chez Sylvie Choron, 20 Avenue de Buzenval, 92500 RUEIL-MALMAISON<br><strong>&#8211; Joindre un ch\u00e8que de 12\u20ac \u00e0 l\u2019ordre de Rueil \u00e0 V\u00e9lo<\/strong><br><\/p>\n\n\n\n<p><em><strong>Avantages r\u00e9serv\u00e9s aux adh\u00e9rents :<\/strong><\/em><\/p>\n\n\n\n<p><strong>Sur simple pr\u00e9sentation de votre carte Rueil \u00e0 V\u00e9lo<\/strong> de l&rsquo;ann\u00e9e en cours&nbsp;envoy\u00e9e par mail aux cotisants, vous b\u00e9n\u00e9ficiez de r\u00e9ductions chez les sp\u00e9cialistes les plus proches :<\/p>\n\n\n\n<figure class=\"wp-block-image\"><img decoding=\"async\" src=\"http:\/\/rueilavelo.fr\/rav\/wp-content\/uploads\/2013\/06\/boutique-vc3a9lo-2.jpg?w=300&amp;h=183\" alt=\"boutique v\u00e9lo 2\"\/><\/figure>\n\n\n\n<p><strong>-10% \u00e0 la Boutique du V\u00e9lo&nbsp;<\/strong>(V\u00e9lo &amp; Oxygen) \u00e0 Port-Marly, sur la N13.<\/p>\n\n\n\n<figure class=\"wp-block-image size-large is-resized\"><a href=\"https:\/\/rueilavelo.fr\/rav\/wp-content\/uploads\/2022\/09\/veloconseil_rueil.webp\"><img decoding=\"async\" src=\"https:\/\/rueilavelo.fr\/rav\/wp-content\/uploads\/2022\/09\/veloconseil_rueil.webp?w=813\" alt=\"\" class=\"wp-image-3978\" style=\"width:295px;height:305px\"\/><\/a><\/figure>\n\n\n\n<p><strong>A la Boutique V\u00e9lo Conseils <\/strong>(<a href=\"https:\/\/www.veloconseils.com\/\" target=\"_blank\" rel=\"noreferrer noopener\">https:\/\/www.veloconseils.com\/<\/a>) 34 Avenue de Fouilleuse&nbsp;ou 1 bis rue de Maurepas \u00e0 Rueil<\/p>\n\n\n\n<p><strong>&#8211; 10% de remise sur l&rsquo;atelier r\u00e9paration<\/strong>&nbsp;<\/p>\n\n\n\n<p><strong>&#8211; 150\u20ac de remise sur tous les v\u00e9los neufs<\/strong><\/p>\n\n\n\n<p>Mise \u00e0 jour le 03\/10\/2024<\/p>\n\n\n\n<p><\/p>\n","protected":false},"excerpt":{"rendered":"<p>Association de b\u00e9n\u00e9voles ouverte \u00e0 tous, Rueil \u00e0 V\u00e9lo a pour principale ressource la cotisation de ses adh\u00e9rents, actuellement de &hellip; <a href=\"https:\/\/rueilavelo.fr\/rav\/comment-adherer\/\" class=\"more-link\">Plus <span class=\"screen-reader-text\">Comment adh\u00e9rer ?<\/span> <span class=\"meta-nav\">&rarr;<\/span><\/a><\/p>\n","protected":false},"author":2,"featured_media":0,"parent":0,"menu_order":2,"comment_status":"closed","ping_status":"closed","template":"","meta":{"footnotes":""},"class_list":["post-69","page","type-page","status-publish","hentry"],"_links":{"self":[{"href":"https:\/\/rueilavelo.fr\/rav\/wp-json\/wp\/v2\/pages\/69","targetHints":{"allow":["GET"]}}],"collection":[{"href":"https:\/\/rueilavelo.fr\/rav\/wp-json\/wp\/v2\/pages"}],"about":[{"href":"https:\/\/rueilavelo.fr\/rav\/wp-json\/wp\/v2\/types\/page"}],"author":[{"embeddable":true,"href":"https:\/\/rueilavelo.fr\/rav\/wp-json\/wp\/v2\/users\/2"}],"replies":[{"embeddable":true,"href":"https:\/\/rueilavelo.fr\/rav\/wp-json\/wp\/v2\/comments?post=69"}],"version-history":[{"count":5,"href":"https:\/\/rueilavelo.fr\/rav\/wp-json\/wp\/v2\/pages\/69\/revisions"}],"predecessor-version":[{"id":5213,"href":"https:\/\/rueilavelo.fr\/rav\/wp-json\/wp\/v2\/pages\/69\/revisions\/5213"}],"wp:attachment":[{"href":"https:\/\/rueilavelo.fr\/rav\/wp-json\/wp\/v2\/media?parent=69"}],"curies":[{"name":"wp","href":"https:\/\/api.w.org\/{rel}","templated":true}]}}