{"id":872,"date":"2014-06-27T13:13:08","date_gmt":"2014-06-27T13:13:08","guid":{"rendered":"http:\/\/rueilavelo.fr\/rav\/?page_id=872"},"modified":"2014-06-27T13:13:08","modified_gmt":"2014-06-27T13:13:08","slug":"sortie-pique-nique-versailles","status":"publish","type":"page","link":"https:\/\/rueilavelo.fr\/rav\/photos\/sortie-pique-nique-versailles\/","title":{"rendered":"Sortie pique-nique Versailles"},"content":{"rendered":"<p>18 mai 2014 : grand beau pour le pique-nique \u00e0 Versailles auquel se sont joints des participants de R\u00e9seau V\u00e9lo 78.<\/p>\n<p><a href=\"https:\/\/rueilavelo.fr\/rav\/wp-content\/uploads\/2014\/06\/20140518_120314-2.jpg\"><img loading=\"lazy\" decoding=\"async\" class=\"aligncenter size-medium wp-image-873\" src=\"http:\/\/rueilavelo.fr\/rav\/wp-content\/uploads\/2014\/06\/20140518_120314-2.jpg?w=300\" alt=\"20140518_120314 (2)\" width=\"300\" height=\"172\" srcset=\"https:\/\/rueilavelo.fr\/rav\/wp-content\/uploads\/2014\/06\/20140518_120314-2.jpg 1813w, https:\/\/rueilavelo.fr\/rav\/wp-content\/uploads\/2014\/06\/20140518_120314-2-300x173.jpg 300w, https:\/\/rueilavelo.fr\/rav\/wp-content\/uploads\/2014\/06\/20140518_120314-2-1024x590.jpg 1024w, https:\/\/rueilavelo.fr\/rav\/wp-content\/uploads\/2014\/06\/20140518_120314-2-768x443.jpg 768w, https:\/\/rueilavelo.fr\/rav\/wp-content\/uploads\/2014\/06\/20140518_120314-2-1536x885.jpg 1536w\" sizes=\"auto, (max-width: 300px) 100vw, 300px\" \/><\/a> <a href=\"https:\/\/rueilavelo.fr\/rav\/wp-content\/uploads\/2014\/06\/20140518_125119.jpg\"><img loading=\"lazy\" decoding=\"async\" class=\"aligncenter size-medium wp-image-874\" src=\"http:\/\/rueilavelo.fr\/rav\/wp-content\/uploads\/2014\/06\/20140518_125119.jpg?w=300\" alt=\"20140518_125119\" width=\"300\" height=\"208\" srcset=\"https:\/\/rueilavelo.fr\/rav\/wp-content\/uploads\/2014\/06\/20140518_125119.jpg 1905w, https:\/\/rueilavelo.fr\/rav\/wp-content\/uploads\/2014\/06\/20140518_125119-300x208.jpg 300w, https:\/\/rueilavelo.fr\/rav\/wp-content\/uploads\/2014\/06\/20140518_125119-1024x710.jpg 1024w, https:\/\/rueilavelo.fr\/rav\/wp-content\/uploads\/2014\/06\/20140518_125119-768x533.jpg 768w, https:\/\/rueilavelo.fr\/rav\/wp-content\/uploads\/2014\/06\/20140518_125119-1536x1065.jpg 1536w\" sizes=\"auto, (max-width: 300px) 100vw, 300px\" \/><\/a> <a href=\"https:\/\/rueilavelo.fr\/rav\/wp-content\/uploads\/2014\/06\/20140518_125135-1.jpg\"><img loading=\"lazy\" decoding=\"async\" class=\"aligncenter size-medium wp-image-875\" src=\"http:\/\/rueilavelo.fr\/rav\/wp-content\/uploads\/2014\/06\/20140518_125135-1.jpg?w=300\" alt=\"20140518_125135 (1)\" width=\"300\" height=\"164\" srcset=\"https:\/\/rueilavelo.fr\/rav\/wp-content\/uploads\/2014\/06\/20140518_125135-1.jpg 1901w, https:\/\/rueilavelo.fr\/rav\/wp-content\/uploads\/2014\/06\/20140518_125135-1-300x165.jpg 300w, https:\/\/rueilavelo.fr\/rav\/wp-content\/uploads\/2014\/06\/20140518_125135-1-1024x562.jpg 1024w, https:\/\/rueilavelo.fr\/rav\/wp-content\/uploads\/2014\/06\/20140518_125135-1-768x421.jpg 768w, https:\/\/rueilavelo.fr\/rav\/wp-content\/uploads\/2014\/06\/20140518_125135-1-1536x843.jpg 1536w\" sizes=\"auto, (max-width: 300px) 100vw, 300px\" \/><\/a> <a href=\"https:\/\/rueilavelo.fr\/rav\/wp-content\/uploads\/2014\/06\/20140518_100405.jpg\"><img loading=\"lazy\" decoding=\"async\" class=\"aligncenter size-medium wp-image-876\" src=\"http:\/\/rueilavelo.fr\/rav\/wp-content\/uploads\/2014\/06\/20140518_100405.jpg?w=225\" alt=\"20140518_100405\" width=\"225\" height=\"300\" srcset=\"https:\/\/rueilavelo.fr\/rav\/wp-content\/uploads\/2014\/06\/20140518_100405.jpg 1000w, https:\/\/rueilavelo.fr\/rav\/wp-content\/uploads\/2014\/06\/20140518_100405-225x300.jpg 225w, https:\/\/rueilavelo.fr\/rav\/wp-content\/uploads\/2014\/06\/20140518_100405-768x1024.jpg 768w\" sizes=\"auto, (max-width: 225px) 100vw, 225px\" \/><\/a> <a href=\"https:\/\/rueilavelo.fr\/rav\/wp-content\/uploads\/2014\/06\/20140518_120304.jpg\"><img loading=\"lazy\" decoding=\"async\" class=\"aligncenter size-medium wp-image-877\" src=\"http:\/\/rueilavelo.fr\/rav\/wp-content\/uploads\/2014\/06\/20140518_120304.jpg?w=300\" alt=\"20140518_120304\" width=\"300\" height=\"165\" srcset=\"https:\/\/rueilavelo.fr\/rav\/wp-content\/uploads\/2014\/06\/20140518_120304.jpg 1907w, https:\/\/rueilavelo.fr\/rav\/wp-content\/uploads\/2014\/06\/20140518_120304-300x165.jpg 300w, https:\/\/rueilavelo.fr\/rav\/wp-content\/uploads\/2014\/06\/20140518_120304-1024x563.jpg 1024w, https:\/\/rueilavelo.fr\/rav\/wp-content\/uploads\/2014\/06\/20140518_120304-768x422.jpg 768w, https:\/\/rueilavelo.fr\/rav\/wp-content\/uploads\/2014\/06\/20140518_120304-1536x845.jpg 1536w\" sizes=\"auto, (max-width: 300px) 100vw, 300px\" \/><\/a> <a href=\"https:\/\/rueilavelo.fr\/rav\/wp-content\/uploads\/2014\/06\/20140518_120308-1.jpg\"><img loading=\"lazy\" decoding=\"async\" class=\"aligncenter size-medium wp-image-878\" src=\"http:\/\/rueilavelo.fr\/rav\/wp-content\/uploads\/2014\/06\/20140518_120308-1.jpg?w=300\" alt=\"20140518_120308 (1)\" width=\"300\" height=\"187\" srcset=\"https:\/\/rueilavelo.fr\/rav\/wp-content\/uploads\/2014\/06\/20140518_120308-1.jpg 1721w, https:\/\/rueilavelo.fr\/rav\/wp-content\/uploads\/2014\/06\/20140518_120308-1-300x187.jpg 300w, https:\/\/rueilavelo.fr\/rav\/wp-content\/uploads\/2014\/06\/20140518_120308-1-1024x640.jpg 1024w, https:\/\/rueilavelo.fr\/rav\/wp-content\/uploads\/2014\/06\/20140518_120308-1-768x480.jpg 768w, https:\/\/rueilavelo.fr\/rav\/wp-content\/uploads\/2014\/06\/20140518_120308-1-1536x959.jpg 1536w\" sizes=\"auto, (max-width: 300px) 100vw, 300px\" \/><\/a><\/p>\n","protected":false},"excerpt":{"rendered":"<p>18 mai 2014 : grand beau pour le pique-nique \u00e0 Versailles auquel se sont joints des participants de R\u00e9seau V\u00e9lo &hellip; <a href=\"https:\/\/rueilavelo.fr\/rav\/photos\/sortie-pique-nique-versailles\/\" class=\"more-link\">Plus <span class=\"screen-reader-text\">Sortie pique-nique Versailles<\/span> <span class=\"meta-nav\">&rarr;<\/span><\/a><\/p>\n","protected":false},"author":2,"featured_media":0,"parent":54,"menu_order":4,"comment_status":"closed","ping_status":"open","template":"","meta":{"footnotes":""},"class_list":["post-872","page","type-page","status-publish","hentry"],"_links":{"self":[{"href":"https:\/\/rueilavelo.fr\/rav\/wp-json\/wp\/v2\/pages\/872","targetHints":{"allow":["GET"]}}],"collection":[{"href":"https:\/\/rueilavelo.fr\/rav\/wp-json\/wp\/v2\/pages"}],"about":[{"href":"https:\/\/rueilavelo.fr\/rav\/wp-json\/wp\/v2\/types\/page"}],"author":[{"embeddable":true,"href":"https:\/\/rueilavelo.fr\/rav\/wp-json\/wp\/v2\/users\/2"}],"replies":[{"embeddable":true,"href":"https:\/\/rueilavelo.fr\/rav\/wp-json\/wp\/v2\/comments?post=872"}],"version-history":[{"count":0,"href":"https:\/\/rueilavelo.fr\/rav\/wp-json\/wp\/v2\/pages\/872\/revisions"}],"up":[{"embeddable":true,"href":"https:\/\/rueilavelo.fr\/rav\/wp-json\/wp\/v2\/pages\/54"}],"wp:attachment":[{"href":"https:\/\/rueilavelo.fr\/rav\/wp-json\/wp\/v2\/media?parent=872"}],"curies":[{"name":"wp","href":"https:\/\/api.w.org\/{rel}","templated":true}]}}