{"id":939,"date":"2014-12-22T09:16:36","date_gmt":"2014-12-22T09:16:36","guid":{"rendered":"https:\/\/ebrav.wordpress.com\/?page_id=939"},"modified":"2025-12-31T16:39:47","modified_gmt":"2025-12-31T15:39:47","slug":"sortie-7-decembre-2014","status":"publish","type":"page","link":"https:\/\/rueilavelo.fr\/rav\/photos\/sortie-7-decembre-2014\/","title":{"rendered":"Sortie 7 d\u00e9cembre 2014"},"content":{"rendered":"<p>Un grand tour magnifique, de for\u00eats en for\u00eats jusqu&rsquo;aux berges de Seine.<\/p>\n<p><img loading=\"lazy\" decoding=\"async\" class=\"aligncenter wp-image-941 size-large\" src=\"https:\/\/rueilavelo.fr\/rav\/wp-content\/uploads\/2014\/12\/20141207_111154-e1747303335146-1024x768.jpg\" alt=\"\" width=\"825\" height=\"619\" srcset=\"https:\/\/rueilavelo.fr\/rav\/wp-content\/uploads\/2014\/12\/20141207_111154-e1747303335146-1024x768.jpg 1024w, https:\/\/rueilavelo.fr\/rav\/wp-content\/uploads\/2014\/12\/20141207_111154-e1747303335146-300x225.jpg 300w, https:\/\/rueilavelo.fr\/rav\/wp-content\/uploads\/2014\/12\/20141207_111154-e1747303335146-768x576.jpg 768w, https:\/\/rueilavelo.fr\/rav\/wp-content\/uploads\/2014\/12\/20141207_111154-e1747303335146-1536x1152.jpg 1536w, https:\/\/rueilavelo.fr\/rav\/wp-content\/uploads\/2014\/12\/20141207_111154-e1747303335146.jpg 2000w\" sizes=\"auto, (max-width: 825px) 100vw, 825px\" \/> <img loading=\"lazy\" decoding=\"async\" class=\"aligncenter wp-image-942 size-large\" src=\"https:\/\/rueilavelo.fr\/rav\/wp-content\/uploads\/2014\/12\/20141207_112930-e1747303323770-1024x768.jpg\" alt=\"\" width=\"825\" height=\"619\" srcset=\"https:\/\/rueilavelo.fr\/rav\/wp-content\/uploads\/2014\/12\/20141207_112930-e1747303323770-1024x768.jpg 1024w, https:\/\/rueilavelo.fr\/rav\/wp-content\/uploads\/2014\/12\/20141207_112930-e1747303323770-300x225.jpg 300w, https:\/\/rueilavelo.fr\/rav\/wp-content\/uploads\/2014\/12\/20141207_112930-e1747303323770-768x576.jpg 768w, https:\/\/rueilavelo.fr\/rav\/wp-content\/uploads\/2014\/12\/20141207_112930-e1747303323770-1536x1152.jpg 1536w, https:\/\/rueilavelo.fr\/rav\/wp-content\/uploads\/2014\/12\/20141207_112930-e1747303323770.jpg 2000w\" sizes=\"auto, (max-width: 825px) 100vw, 825px\" \/> <img loading=\"lazy\" decoding=\"async\" class=\"wp-image-943 size-large aligncenter\" src=\"https:\/\/rueilavelo.fr\/rav\/wp-content\/uploads\/2014\/12\/20141207_112949-e1747303314297-1024x768.jpg\" alt=\"\" width=\"825\" height=\"619\" srcset=\"https:\/\/rueilavelo.fr\/rav\/wp-content\/uploads\/2014\/12\/20141207_112949-e1747303314297-1024x768.jpg 1024w, https:\/\/rueilavelo.fr\/rav\/wp-content\/uploads\/2014\/12\/20141207_112949-e1747303314297-300x225.jpg 300w, https:\/\/rueilavelo.fr\/rav\/wp-content\/uploads\/2014\/12\/20141207_112949-e1747303314297-768x576.jpg 768w, https:\/\/rueilavelo.fr\/rav\/wp-content\/uploads\/2014\/12\/20141207_112949-e1747303314297-1536x1152.jpg 1536w, https:\/\/rueilavelo.fr\/rav\/wp-content\/uploads\/2014\/12\/20141207_112949-e1747303314297.jpg 2000w\" sizes=\"auto, (max-width: 825px) 100vw, 825px\" \/> <img loading=\"lazy\" decoding=\"async\" class=\"alignnone wp-image-944 size-large\" src=\"https:\/\/rueilavelo.fr\/rav\/wp-content\/uploads\/2014\/12\/20141207_110644-e1747303304613-768x1024.jpg\" alt=\"\" width=\"768\" height=\"1024\" srcset=\"https:\/\/rueilavelo.fr\/rav\/wp-content\/uploads\/2014\/12\/20141207_110644-e1747303304613-768x1024.jpg 768w, https:\/\/rueilavelo.fr\/rav\/wp-content\/uploads\/2014\/12\/20141207_110644-e1747303304613-225x300.jpg 225w, https:\/\/rueilavelo.fr\/rav\/wp-content\/uploads\/2014\/12\/20141207_110644-e1747303304613-1152x1536.jpg 1152w, https:\/\/rueilavelo.fr\/rav\/wp-content\/uploads\/2014\/12\/20141207_110644-e1747303304613.jpg 1500w\" sizes=\"auto, (max-width: 768px) 100vw, 768px\" \/> <img loading=\"lazy\" decoding=\"async\" class=\"aligncenter wp-image-945 size-large\" src=\"https:\/\/rueilavelo.fr\/rav\/wp-content\/uploads\/2014\/12\/20141207_110656-e1747303290750-1024x768.jpg\" alt=\"\" width=\"825\" height=\"619\" srcset=\"https:\/\/rueilavelo.fr\/rav\/wp-content\/uploads\/2014\/12\/20141207_110656-e1747303290750-1024x768.jpg 1024w, https:\/\/rueilavelo.fr\/rav\/wp-content\/uploads\/2014\/12\/20141207_110656-e1747303290750-300x225.jpg 300w, https:\/\/rueilavelo.fr\/rav\/wp-content\/uploads\/2014\/12\/20141207_110656-e1747303290750-768x576.jpg 768w, https:\/\/rueilavelo.fr\/rav\/wp-content\/uploads\/2014\/12\/20141207_110656-e1747303290750-1536x1152.jpg 1536w, https:\/\/rueilavelo.fr\/rav\/wp-content\/uploads\/2014\/12\/20141207_110656-e1747303290750.jpg 2000w\" sizes=\"auto, (max-width: 825px) 100vw, 825px\" \/> <img loading=\"lazy\" decoding=\"async\" class=\"aligncenter wp-image-946 size-large\" src=\"https:\/\/rueilavelo.fr\/rav\/wp-content\/uploads\/2014\/12\/20141207_111143-e1747303269624-1024x768.jpg\" alt=\"\" width=\"825\" height=\"619\" srcset=\"https:\/\/rueilavelo.fr\/rav\/wp-content\/uploads\/2014\/12\/20141207_111143-e1747303269624-1024x768.jpg 1024w, https:\/\/rueilavelo.fr\/rav\/wp-content\/uploads\/2014\/12\/20141207_111143-e1747303269624-300x225.jpg 300w, https:\/\/rueilavelo.fr\/rav\/wp-content\/uploads\/2014\/12\/20141207_111143-e1747303269624-768x576.jpg 768w, https:\/\/rueilavelo.fr\/rav\/wp-content\/uploads\/2014\/12\/20141207_111143-e1747303269624-1536x1152.jpg 1536w, https:\/\/rueilavelo.fr\/rav\/wp-content\/uploads\/2014\/12\/20141207_111143-e1747303269624.jpg 2000w\" sizes=\"auto, (max-width: 825px) 100vw, 825px\" \/><\/p>\n","protected":false},"excerpt":{"rendered":"<p>Un grand tour magnifique, de for\u00eats en for\u00eats jusqu&rsquo;aux berges de Seine.<\/p>\n","protected":false},"author":2,"featured_media":0,"parent":54,"menu_order":9,"comment_status":"closed","ping_status":"open","template":"","meta":{"footnotes":""},"class_list":["post-939","page","type-page","status-publish","hentry"],"_links":{"self":[{"href":"https:\/\/rueilavelo.fr\/rav\/wp-json\/wp\/v2\/pages\/939","targetHints":{"allow":["GET"]}}],"collection":[{"href":"https:\/\/rueilavelo.fr\/rav\/wp-json\/wp\/v2\/pages"}],"about":[{"href":"https:\/\/rueilavelo.fr\/rav\/wp-json\/wp\/v2\/types\/page"}],"author":[{"embeddable":true,"href":"https:\/\/rueilavelo.fr\/rav\/wp-json\/wp\/v2\/users\/2"}],"replies":[{"embeddable":true,"href":"https:\/\/rueilavelo.fr\/rav\/wp-json\/wp\/v2\/comments?post=939"}],"version-history":[{"count":5,"href":"https:\/\/rueilavelo.fr\/rav\/wp-json\/wp\/v2\/pages\/939\/revisions"}],"predecessor-version":[{"id":5245,"href":"https:\/\/rueilavelo.fr\/rav\/wp-json\/wp\/v2\/pages\/939\/revisions\/5245"}],"up":[{"embeddable":true,"href":"https:\/\/rueilavelo.fr\/rav\/wp-json\/wp\/v2\/pages\/54"}],"wp:attachment":[{"href":"https:\/\/rueilavelo.fr\/rav\/wp-json\/wp\/v2\/media?parent=939"}],"curies":[{"name":"wp","href":"https:\/\/api.w.org\/{rel}","templated":true}]}}