{"id":993,"date":"2015-05-01T09:32:42","date_gmt":"2015-05-01T09:32:42","guid":{"rendered":"https:\/\/ebrav.wordpress.com\/?page_id=993"},"modified":"2015-05-01T09:32:42","modified_gmt":"2015-05-01T09:32:42","slug":"sortie-avril-2015","status":"publish","type":"page","link":"https:\/\/rueilavelo.fr\/rav\/photos\/sortie-avril-2015\/","title":{"rendered":"Sortie avril 2015"},"content":{"rendered":"<p>Longue balade \u00e0 reliefs escarp\u00e9s pour nous rendre jusqu&rsquo;\u00e0 l&rsquo;Observatoire de Meudon.<\/p>\n<p><a href=\"https:\/\/rueilavelo.fr\/rav\/wp-content\/uploads\/2015\/05\/img_20150405_110547.jpg\"><img loading=\"lazy\" decoding=\"async\" class=\"aligncenter size-medium wp-image-994\" src=\"https:\/\/rueilavelo.fr\/rav\/wp-content\/uploads\/2015\/05\/img_20150405_110547.jpg?w=300\" alt=\"IMG_20150405_110547\" width=\"300\" height=\"225\" srcset=\"https:\/\/rueilavelo.fr\/rav\/wp-content\/uploads\/2015\/05\/img_20150405_110547.jpg 1600w, https:\/\/rueilavelo.fr\/rav\/wp-content\/uploads\/2015\/05\/img_20150405_110547-300x225.jpg 300w, https:\/\/rueilavelo.fr\/rav\/wp-content\/uploads\/2015\/05\/img_20150405_110547-1024x768.jpg 1024w, https:\/\/rueilavelo.fr\/rav\/wp-content\/uploads\/2015\/05\/img_20150405_110547-768x576.jpg 768w, https:\/\/rueilavelo.fr\/rav\/wp-content\/uploads\/2015\/05\/img_20150405_110547-1536x1152.jpg 1536w\" sizes=\"auto, (max-width: 300px) 100vw, 300px\" \/><\/a> <a href=\"https:\/\/rueilavelo.fr\/rav\/wp-content\/uploads\/2015\/05\/img_20150405_112534.jpg\"><img loading=\"lazy\" decoding=\"async\" class=\"aligncenter size-medium wp-image-995\" src=\"https:\/\/rueilavelo.fr\/rav\/wp-content\/uploads\/2015\/05\/img_20150405_112534.jpg?w=300\" alt=\"IMG_20150405_112534\" width=\"300\" height=\"225\" srcset=\"https:\/\/rueilavelo.fr\/rav\/wp-content\/uploads\/2015\/05\/img_20150405_112534.jpg 1600w, https:\/\/rueilavelo.fr\/rav\/wp-content\/uploads\/2015\/05\/img_20150405_112534-300x225.jpg 300w, https:\/\/rueilavelo.fr\/rav\/wp-content\/uploads\/2015\/05\/img_20150405_112534-1024x768.jpg 1024w, https:\/\/rueilavelo.fr\/rav\/wp-content\/uploads\/2015\/05\/img_20150405_112534-768x576.jpg 768w, https:\/\/rueilavelo.fr\/rav\/wp-content\/uploads\/2015\/05\/img_20150405_112534-1536x1152.jpg 1536w\" sizes=\"auto, (max-width: 300px) 100vw, 300px\" \/><\/a> <a href=\"https:\/\/rueilavelo.fr\/rav\/wp-content\/uploads\/2015\/05\/img_20150405_121926.jpg\"><img loading=\"lazy\" decoding=\"async\" class=\"aligncenter size-medium wp-image-996\" src=\"https:\/\/rueilavelo.fr\/rav\/wp-content\/uploads\/2015\/05\/img_20150405_121926.jpg?w=300\" alt=\"IMG_20150405_121926\" width=\"300\" height=\"225\" srcset=\"https:\/\/rueilavelo.fr\/rav\/wp-content\/uploads\/2015\/05\/img_20150405_121926.jpg 1600w, https:\/\/rueilavelo.fr\/rav\/wp-content\/uploads\/2015\/05\/img_20150405_121926-300x225.jpg 300w, https:\/\/rueilavelo.fr\/rav\/wp-content\/uploads\/2015\/05\/img_20150405_121926-1024x768.jpg 1024w, https:\/\/rueilavelo.fr\/rav\/wp-content\/uploads\/2015\/05\/img_20150405_121926-768x576.jpg 768w, https:\/\/rueilavelo.fr\/rav\/wp-content\/uploads\/2015\/05\/img_20150405_121926-1536x1152.jpg 1536w\" sizes=\"auto, (max-width: 300px) 100vw, 300px\" \/><\/a> <a href=\"https:\/\/rueilavelo.fr\/rav\/wp-content\/uploads\/2015\/05\/img_20150405_121954.jpg\"><img loading=\"lazy\" decoding=\"async\" class=\"aligncenter size-medium wp-image-997\" src=\"https:\/\/rueilavelo.fr\/rav\/wp-content\/uploads\/2015\/05\/img_20150405_121954.jpg?w=300\" alt=\"IMG_20150405_121954\" width=\"300\" height=\"225\" srcset=\"https:\/\/rueilavelo.fr\/rav\/wp-content\/uploads\/2015\/05\/img_20150405_121954.jpg 1600w, https:\/\/rueilavelo.fr\/rav\/wp-content\/uploads\/2015\/05\/img_20150405_121954-300x225.jpg 300w, https:\/\/rueilavelo.fr\/rav\/wp-content\/uploads\/2015\/05\/img_20150405_121954-1024x768.jpg 1024w, https:\/\/rueilavelo.fr\/rav\/wp-content\/uploads\/2015\/05\/img_20150405_121954-768x576.jpg 768w, https:\/\/rueilavelo.fr\/rav\/wp-content\/uploads\/2015\/05\/img_20150405_121954-1536x1152.jpg 1536w\" sizes=\"auto, (max-width: 300px) 100vw, 300px\" \/><\/a> <a href=\"https:\/\/rueilavelo.fr\/rav\/wp-content\/uploads\/2015\/05\/img_20150405_111916.jpg\"><img loading=\"lazy\" decoding=\"async\" class=\"aligncenter size-medium wp-image-998\" src=\"https:\/\/rueilavelo.fr\/rav\/wp-content\/uploads\/2015\/05\/img_20150405_111916.jpg?w=300\" alt=\"IMG_20150405_111916\" width=\"300\" height=\"225\" srcset=\"https:\/\/rueilavelo.fr\/rav\/wp-content\/uploads\/2015\/05\/img_20150405_111916.jpg 1600w, https:\/\/rueilavelo.fr\/rav\/wp-content\/uploads\/2015\/05\/img_20150405_111916-300x225.jpg 300w, https:\/\/rueilavelo.fr\/rav\/wp-content\/uploads\/2015\/05\/img_20150405_111916-1024x768.jpg 1024w, https:\/\/rueilavelo.fr\/rav\/wp-content\/uploads\/2015\/05\/img_20150405_111916-768x576.jpg 768w, https:\/\/rueilavelo.fr\/rav\/wp-content\/uploads\/2015\/05\/img_20150405_111916-1536x1152.jpg 1536w\" sizes=\"auto, (max-width: 300px) 100vw, 300px\" \/><\/a> <a href=\"https:\/\/rueilavelo.fr\/rav\/wp-content\/uploads\/2015\/05\/img_20150405_111941.jpg\"><img loading=\"lazy\" decoding=\"async\" class=\"aligncenter size-medium wp-image-999\" src=\"https:\/\/rueilavelo.fr\/rav\/wp-content\/uploads\/2015\/05\/img_20150405_111941.jpg?w=300\" alt=\"IMG_20150405_111941\" width=\"300\" height=\"225\" srcset=\"https:\/\/rueilavelo.fr\/rav\/wp-content\/uploads\/2015\/05\/img_20150405_111941.jpg 1600w, https:\/\/rueilavelo.fr\/rav\/wp-content\/uploads\/2015\/05\/img_20150405_111941-300x225.jpg 300w, https:\/\/rueilavelo.fr\/rav\/wp-content\/uploads\/2015\/05\/img_20150405_111941-1024x768.jpg 1024w, https:\/\/rueilavelo.fr\/rav\/wp-content\/uploads\/2015\/05\/img_20150405_111941-768x576.jpg 768w, https:\/\/rueilavelo.fr\/rav\/wp-content\/uploads\/2015\/05\/img_20150405_111941-1536x1152.jpg 1536w\" sizes=\"auto, (max-width: 300px) 100vw, 300px\" \/><\/a><\/p>\n","protected":false},"excerpt":{"rendered":"<p>Longue balade \u00e0 reliefs escarp\u00e9s pour nous rendre jusqu&rsquo;\u00e0 l&rsquo;Observatoire de Meudon.<\/p>\n","protected":false},"author":2,"featured_media":0,"parent":54,"menu_order":8,"comment_status":"closed","ping_status":"open","template":"","meta":{"footnotes":""},"class_list":["post-993","page","type-page","status-publish","hentry"],"_links":{"self":[{"href":"https:\/\/rueilavelo.fr\/rav\/wp-json\/wp\/v2\/pages\/993","targetHints":{"allow":["GET"]}}],"collection":[{"href":"https:\/\/rueilavelo.fr\/rav\/wp-json\/wp\/v2\/pages"}],"about":[{"href":"https:\/\/rueilavelo.fr\/rav\/wp-json\/wp\/v2\/types\/page"}],"author":[{"embeddable":true,"href":"https:\/\/rueilavelo.fr\/rav\/wp-json\/wp\/v2\/users\/2"}],"replies":[{"embeddable":true,"href":"https:\/\/rueilavelo.fr\/rav\/wp-json\/wp\/v2\/comments?post=993"}],"version-history":[{"count":0,"href":"https:\/\/rueilavelo.fr\/rav\/wp-json\/wp\/v2\/pages\/993\/revisions"}],"up":[{"embeddable":true,"href":"https:\/\/rueilavelo.fr\/rav\/wp-json\/wp\/v2\/pages\/54"}],"wp:attachment":[{"href":"https:\/\/rueilavelo.fr\/rav\/wp-json\/wp\/v2\/media?parent=993"}],"curies":[{"name":"wp","href":"https:\/\/api.w.org\/{rel}","templated":true}]}}